at are the prime factors of p?
3, 59
Let y be (1881/(-38))/(3/(-8)). Let q = y - 75. What are the prime factors of q?
3, 19
Suppose 4*i - 40 = 20. Suppose 0 = 3*p + i, -2*p + 0 - 24 = -2*q. Suppose -3*w - 64 = -q*w. List the prime factors of w.
2
Suppose 0 = -3*j - 12, 2*u - 5*j = -2*j - 70. Let l = u + 85. List the prime factors of l.
2, 11
Suppose -9*v - 16 = -5*v. Let l = 4 + v. Suppose l = 2*k + 2*i - 34, -4*k + 3*k + 12 = -4*i. What are the prime factors of k?
2
Let i be 19 + (0 + 2 - 1). Let q be i/4 + -1 + 86. Suppose -4*g = -q - 102. What are the prime factors of g?
2, 3
Let q = 18 + -49. List the prime factors of 1*3 + (-10261)/q.
2, 167
Let d = 9051 + -6432. List the prime factors of d.
3, 97
Suppose -2*u + 9 + 7 = 0. Let j be 390/(1 + 1) + -3. Suppose -j = -u*h + 168. List the prime factors of h.
3, 5
Suppose -2*h - 3*l = -324, -5*l + 8 = -2. Suppose -f - 4*n + h + 26 = 0, -712 = -4*f - 2*n. What are the prime factors of f?
3, 59
Suppose 22 = z + 2*j + 2*j, 3*z - 1 = j. Suppose -2 = 2*k, p + 2*k - 21 = -0*p. Suppose 2*x = 5*u + 33, z*x = -u + 62 - p. What are the prime factors of x?
19
Let u be (-2)/1*1/(-2)*4. Suppose 9*f - 869 = u. List the prime factors of f.
97
Let j(o) = -o**3 + 15*o**2 - 8*o + 7. List the prime factors of j(8).
17, 23
Let f = 242 - -165. List the prime factors of f.
11, 37
Let d be 13/(0 + (1 - 2)). Let w = d + 22. List the prime factors of w.
3
Let i(h) = h**2 - 3*h. Let v be i(3). Suppose v = -5*o + 38 + 67. List the prime factors of o.
3, 7
Let m be 5/25 - (-28)/10. Suppose -m*f + 3 = -2*f. Suppose -5*r + f*r = -84. What are the prime factors of r?
2, 3, 7
Suppose -16 = 10*p - 12*p. Suppose -p*f + 10*f = 162. What are the prime factors of f?
3
Let x = -205 + 391. What are the prime factors of x?
2, 3, 31
Suppose -4*h - 2*q = -16802, -3*h - 8*q + 3*q + 12584 = 0. List the prime factors of h.
3, 467
Suppose -c + 0*c + 24 = 0. Let x be (-136)/c + (-1)/3. List the prime factors of 26 + x + 2*2.
2, 3
Suppose -i + 4*k + 324 = -592, -5*i + k = -4656. What are the prime factors of i?
2, 233
Suppose 28952 = 671*g - 657*g. List the prime factors of g.
2, 11, 47
Let n = -435 + 1644. List the prime factors of n.
3, 13, 31
Let t = -7 - -10. Let g be (18/t)/(2/1). Suppose -3*v + 2*q + 46 = -g*q, 3*q + 15 = 0. What are the prime factors of v?
7
Suppose -6*j = -2*j - 4, 3*j + 7 = l. Suppose -3*x = 2*x - l. Suppose 20 = -x*t + 56. List the prime factors of t.
2, 3
Let f(a) = 55*a - 21. Let z be f(5). Let v be (9 - 8)/((-2)/(-4)). Suppose 133 = 2*t + 3*j, -5*t + z = v*j - 73. What are the prime factors of t?
5, 13
Let p = -651 - -1200. What are the prime factors of p?
3, 61
Let k be (-12572)/(-16) + 1/(-4)*-1. Suppose -k - 184 = -5*w. What are the prime factors of w?
2, 97
Suppose -19 = -0*x - x - 4*d, -2*x + d = 7. Let r(k) = 217*k**2 - 5*k - 4. What are the prime factors of r(x)?
2, 109
Let n = 2663 + -1331. What are the prime factors of n?
2, 3, 37
Suppose -4*m = -2*m - 10. Suppose 3*p - 116 = m*t - 21, -4*p - 130 = 5*t. What are the prime factors of 4312/242 - 4/t?
2, 3
Let r = -254 - -374. Suppose 0 = 5*k - 5*g - r, -3*k - 4*g - 14 = -58. What are the prime factors of k?
2, 5
Suppose 2*j + 2*x = 1971 + 1767, 7446 = 4*j - 2*x. What are the prime factors of j?
2, 233
Suppose 0 = -i + 4*d + 63, 15*d + 332 = 5*i + 12*d. What are the prime factors of i?
67
Suppose -18 = -5*w - 68. What are the prime factors of 36/(w/(-5)*1)?
2, 3
Suppose 3*j = -2*l + 8, 5*j - 10 = j - 3*l. Suppose -155 = -5*s - 5*n, 119 = 4*s + j*n - n. What are the prime factors of s?
2, 13
Let s = -358 + 693. Suppose -i = -4*c + s, -2*c + 175 = -3*i - 0*i. List the prime factors of c.
83
Let j be 0/(21/(-3)) - (87 + 1). Suppose -2*a - 492 = -4*p + a, 5*p - 4*a = 614. Let x = j + p. List the prime factors of x.
2, 19
Suppose 28 = 21*c + 7. Let z(o) = -1. Let f(x) = -3*x - 6. Let y(s) = -f(s) + 4*z(s). List the prime factors of y(c).
5
Let t be (8/10)/((-18)/(-6795)). Suppose -5*g + 311 = 2*c, -2*c + c - t = -5*g. Let p = g + -31. List the prime factors of p.
2, 3, 5
Let w = 1811 + 2702. What are the prime factors of w?
4513
Suppose 57*d - 7955 = 6580. What are the prime factors of d?
3, 5, 17
Suppose 2*c = 51 + 989. List the prime factors of c.
2, 5, 13
What are the prime factors of (-2 - 558)*(-49)/28?
2, 5, 7
Let b be (-2)/8*3*-4. List the prime factors of ((-16)/5)/(b/(-15)).
2
Suppose -6*w + 45 + 105 = 0. What are the prime factors of w?
5
Let p(k) be the first derivative of -7*k**2 - 4*k + 33. List the prime factors of p(-10).
2, 17
Let a be (-3096)/(-16) + 3/(-2). Suppose -2*g - r + 152 = 0, 4*g - 2*r - 512 + a = 0. Suppose 0 = t + 3, -4*t - g = -5*l + 159. What are the prime factors of l?
3, 5
Let t be 8/(-3)*27/(-6). List the prime factors of (-2)/(-1) + -11 + t.
3
Let b(z) = 10*z - 62. Let q be b(6). What are the prime factors of (1/(-8)*26)/(q/72)?
3, 13
Let v(f) = 3*f**2 - 7*f - 23. List the prime factors of v(12).
5, 13
Let j = -7 - -1016. List the prime factors of j.
1009
Let v = 88 + -79. Suppose v*c + 716 = 4*f + 4*c, 518 = 3*f + c. What are the prime factors of f?
2, 3, 29
Let z = 100 + 131. List the prime factors of z.
3, 7, 11
Suppose 20 + 22 = -3*j. Let a(m) = -m**2 - 18*m - 3. List the prime factors of a(j).
53
Let t(g) = -g + 22. Let a be t(9). Suppose 0 = 6*h - a*h + 427. What are the prime factors of h?
61
Let y be (24/(-9))/(2/(-255)). Suppose 14*c - y = 10*c. Let d = c + -6. List the prime factors of d.
79
Let z(w) = 168*w**2 + 31*w - 1. List the prime factors of z(2).
733
Let i(f) = f**3 - 2*f**2 + 51. Let b(m) = m**3 - 2*m**2 + 51. Let v(j) = 5*b(j) - 4*i(j). List the prime factors of v(0).
3, 17
Suppose -3*j + 54 = -5*x - 7, -x = j - 31. List the prime factors of j.
3
Let z = -383 + 489. List the prime factors of z.
2, 53
Let j = -1629 + 4614. What are the prime factors of j?
3, 5, 199
Let d be 7 + (-4)/(5 - 1) + -4. Suppose -11*t = -d*t - 522. List the prime factors of t.
2, 29
Let d(p) = 586*p**2 + 2*p - 2. Let i be d(1). Suppose i = 3*c - 332. List the prime factors of c.
2, 3, 17
Suppose 255 = -12*s + 17*s. Suppose -46*g - 945 = -s*g. List the prime factors of g.
3, 7
Suppose -57 + 9 = i. Let v be i/(-15) + (-1)/5. Suppose v = m - 5*c - 34, 0 = 2*c + 6. List the prime factors of m.
2, 11
Suppose -41*q = -42*q + 3*u + 283, 0 = 4*q - 4*u - 1148. List the prime factors of q.
17
Let g = 134 - -576. List the prime factors of g.
2, 5, 71
List the prime factors of -8*(6/12 - 1) + 720.
2, 181
Suppose 4 = f - 0*f. Suppose -2*u - 4*z = -0*u - 48, 5*z = 4*u - 31. List the prime factors of u*(9/(-3) + f).
2, 7
Let b = -1707 + 6492. List the prime factors of b.
3, 5, 11, 29
Let v(y) = 2*y**2 - y - 58. Let f(t) = t**3 + t**2. Let x(r) = f(r) - v(r). List the prime factors of x(0).
2, 29
Suppose w + 22 = 19. List the prime factors of 51*(-2)/(-6) - w.
2, 5
Suppose 2*t + 1 - 5 = 0. Suppose 4*u - 86 = -0*n - 5*n, 44 = t*n + 4*u. List the prime factors of n.
2, 7
Let o(m) = -m**3 - 3*m**2 + 2*m. Let n be o(-4). Let a be n/5 - (-4)/10. Suppose 4*t = -a*u - 0*u + 50, 0 = 4*u - 5*t - 61. What are the prime factors of u?
19
What are the prime factors of -12 + 7 + 214 + -4?
5, 41
Suppose 0 = -l + 8 - 1. Suppose 18 = 5*q - l. Let n(f) = 2*f + 5. What are the prime factors of n(q)?
3, 5
Let y(t) = 35*t**2 - 3*t + 2. Let u be y(1). What are the prime factors of u/(-3)*(-2 + -1)?
2, 17
Suppose 3*n - 21 = 3*j, 3*n + 19 = -2*j - 3*j. Suppose -n*v + 112 = -28. List the prime factors of v.
2, 5, 7
Let w be ((-2)/(2/11))/(-1). Suppose 1 = 5*i + w. List the prime factors of (-4 - -5)/((-1)/i).
2
Let h(n) = -2*n - 25. Let a(b) = 10*b + 126. Let g(w) = -3*a(w) - 16*h(w). What are the prime factors of g(6)?
2, 17
List the prime factors of 2/4*(-54 + 2648).
1297
Let b(t) = t. Let k be b(-4). Let v(f) = -3*f**2 + 5*f + 10. Let q(s) = s**2 - 2*s - 4. Let w(l) = -5*q(l) - 2*v(l). What are the prime factors of w(k)?
2
Let b(g) = -16 + 0*g**2 + 20*g**2 - 18*g - 3*g**3 + 2*g**3. Let u be b(19). Suppose 4*k + u*l - 180 = 0, -k - 4*l = -l - 54. What are the prime factors of k?
2, 3, 7
Suppose 3*v = -3*o + 222, 4*v - 5*o - 179 = 126. What are the prime factors of v?
3, 5
Let k(h) = 15*h - 16. Let a = 23 - 16. List the prime factors of k(a).
89
Let y(l) = -l**3 - 23*